{"id":13339,"date":"2023-04-06T19:54:34","date_gmt":"2023-04-06T19:54:34","guid":{"rendered":"https:\/\/www.cocukdishekimiantalya.com\/?page_id=13339"},"modified":"2026-01-03T14:00:35","modified_gmt":"2026-01-03T14:00:35","slug":"zirkonyum-ile-gulus-estetigi","status":"publish","type":"page","link":"https:\/\/www.cocukdishekimiantalya.com\/index.php\/zirkonyum-ile-gulus-estetigi\/","title":{"rendered":"Z\u0130RKONYUM VE KOMPOZ\u0130T LAM\u0130NA \u0130LE G\u00dcL\u00dc\u015e ESTET\u0130\u011e\u0130"},"content":{"rendered":"\t\t<div data-elementor-type=\"wp-page\" data-elementor-id=\"13339\" class=\"elementor elementor-13339\">\n\t\t\t\t<div class=\"elementor-element elementor-element-df9535e e-flex e-con-boxed elementor-invisible e-con e-parent\" data-id=\"df9535e\" data-element_type=\"container\" data-settings=\"{&quot;animation&quot;:&quot;fadeIn&quot;}\">\n\t\t\t\t\t<div class=\"e-con-inner\">\n\t\t\t\t<div class=\"elementor-element elementor-element-c9002d1 elementor-widget elementor-widget-heading\" data-id=\"c9002d1\" data-element_type=\"widget\" data-widget_type=\"heading.default\">\n\t\t\t\t\t<h2 class=\"elementor-heading-title elementor-size-default\"><h1 data-path-to-node=\"5\"><span dir=\"auto\">\u00c7ocuklarda Genel Anestezi Alt\u0131nda Estetik Di\u015f Tedavileri: Konforlu Bir S\u00fcre\u00e7, \u00d6zg\u00fcvenli G\u00fcl\u00fc\u015fler<\/span><\/h1><\/h2>\t\t\t\t<\/div>\n\t\t\t\t<div class=\"elementor-element elementor-element-5577f2c animated-slow elementor-arrows-position-inside elementor-invisible elementor-widget elementor-widget-image-carousel\" data-id=\"5577f2c\" data-element_type=\"widget\" data-settings=\"{&quot;slides_to_show&quot;:&quot;3&quot;,&quot;navigation&quot;:&quot;arrows&quot;,&quot;_animation&quot;:&quot;fadeInUp&quot;,&quot;autoplay&quot;:&quot;yes&quot;,&quot;pause_on_hover&quot;:&quot;yes&quot;,&quot;pause_on_interaction&quot;:&quot;yes&quot;,&quot;autoplay_speed&quot;:5000,&quot;infinite&quot;:&quot;yes&quot;,&quot;speed&quot;:500}\" data-widget_type=\"image-carousel.default\">\n\t\t\t\t\t\t\t<div class=\"elementor-image-carousel-wrapper swiper\" role=\"region\" aria-roledescription=\"carousel\" aria-label=\"Image Carousel\" dir=\"ltr\">\n\t\t\t<div class=\"elementor-image-carousel swiper-wrapper\" aria-live=\"off\">\n\t\t\t\t\t\t\t\t<div class=\"swiper-slide\" role=\"group\" aria-roledescription=\"slide\" aria-label=\"1 \/ 9\"><figure class=\"swiper-slide-inner\"><img decoding=\"async\" class=\"swiper-slide-image\" src=\"https:\/\/www.cocukdishekimiantalya.com\/wp-content\/uploads\/2026\/01\/0-300x198.png\" alt=\"0\" \/><\/figure><\/div><div class=\"swiper-slide\" role=\"group\" aria-roledescription=\"slide\" aria-label=\"2 \/ 9\"><figure class=\"swiper-slide-inner\"><img decoding=\"async\" class=\"swiper-slide-image\" src=\"https:\/\/www.cocukdishekimiantalya.com\/wp-content\/uploads\/2026\/01\/01-300x179.jpg\" alt=\"01\" \/><\/figure><\/div><div class=\"swiper-slide\" role=\"group\" aria-roledescription=\"slide\" aria-label=\"3 \/ 9\"><figure class=\"swiper-slide-inner\"><img decoding=\"async\" class=\"swiper-slide-image\" src=\"https:\/\/www.cocukdishekimiantalya.com\/wp-content\/uploads\/2026\/01\/07-300x189.png\" alt=\"07\" \/><\/figure><\/div><div class=\"swiper-slide\" role=\"group\" aria-roledescription=\"slide\" aria-label=\"4 \/ 9\"><figure class=\"swiper-slide-inner\"><img decoding=\"async\" class=\"swiper-slide-image\" src=\"https:\/\/www.cocukdishekimiantalya.com\/wp-content\/uploads\/2026\/01\/010-203x300.png\" alt=\"010\" \/><\/figure><\/div><div class=\"swiper-slide\" role=\"group\" aria-roledescription=\"slide\" aria-label=\"5 \/ 9\"><figure class=\"swiper-slide-inner\"><img decoding=\"async\" class=\"swiper-slide-image\" src=\"https:\/\/www.cocukdishekimiantalya.com\/wp-content\/uploads\/2026\/01\/011-300x201.jpg\" alt=\"011\" \/><\/figure><\/div><div class=\"swiper-slide\" role=\"group\" aria-roledescription=\"slide\" aria-label=\"6 \/ 9\"><figure class=\"swiper-slide-inner\"><img decoding=\"async\" class=\"swiper-slide-image\" src=\"https:\/\/www.cocukdishekimiantalya.com\/wp-content\/uploads\/2026\/01\/013-259x300.jpg\" alt=\"013\" \/><\/figure><\/div><div class=\"swiper-slide\" role=\"group\" aria-roledescription=\"slide\" aria-label=\"7 \/ 9\"><figure class=\"swiper-slide-inner\"><img decoding=\"async\" class=\"swiper-slide-image\" src=\"https:\/\/www.cocukdishekimiantalya.com\/wp-content\/uploads\/2026\/01\/014-300x171.jpg\" alt=\"014\" \/><\/figure><\/div><div class=\"swiper-slide\" role=\"group\" aria-roledescription=\"slide\" aria-label=\"8 \/ 9\"><figure class=\"swiper-slide-inner\"><img decoding=\"async\" class=\"swiper-slide-image\" src=\"https:\/\/www.cocukdishekimiantalya.com\/wp-content\/uploads\/2026\/01\/016-300x227.png\" alt=\"016\" \/><\/figure><\/div><div class=\"swiper-slide\" role=\"group\" aria-roledescription=\"slide\" aria-label=\"9 \/ 9\"><figure class=\"swiper-slide-inner\"><img decoding=\"async\" class=\"swiper-slide-image\" src=\"https:\/\/www.cocukdishekimiantalya.com\/wp-content\/uploads\/2026\/01\/017-300x193.png\" alt=\"017\" \/><\/figure><\/div>\t\t\t<\/div>\n\t\t\t\t\t\t\t\t\t\t\t\t<div class=\"elementor-swiper-button elementor-swiper-button-prev\" role=\"button\" tabindex=\"0\">\n\t\t\t\t\t\t<svg aria-hidden=\"true\" class=\"e-font-icon-svg e-eicon-chevron-left\" viewBox=\"0 0 1000 1000\" xmlns=\"http:\/\/www.w3.org\/2000\/svg\"><path d=\"M646 125C629 125 613 133 604 142L308 442C296 454 292 471 292 487 292 504 296 521 308 533L604 854C617 867 629 875 646 875 663 875 679 871 692 858 704 846 713 829 713 812 713 796 708 779 692 767L438 487 692 225C700 217 708 204 708 187 708 171 704 154 692 142 675 129 663 125 646 125Z\"><\/path><\/svg>\t\t\t\t\t<\/div>\n\t\t\t\t\t<div class=\"elementor-swiper-button elementor-swiper-button-next\" role=\"button\" tabindex=\"0\">\n\t\t\t\t\t\t<svg aria-hidden=\"true\" class=\"e-font-icon-svg e-eicon-chevron-right\" viewBox=\"0 0 1000 1000\" xmlns=\"http:\/\/www.w3.org\/2000\/svg\"><path d=\"M696 533C708 521 713 504 713 487 713 471 708 454 696 446L400 146C388 133 375 125 354 125 338 125 325 129 313 142 300 154 292 171 292 187 292 204 296 221 308 233L563 492 304 771C292 783 288 800 288 817 288 833 296 850 308 863 321 871 338 875 354 875 371 875 388 867 400 854L696 533Z\"><\/path><\/svg>\t\t\t\t\t<\/div>\n\t\t\t\t\n\t\t\t\t\t\t\t\t\t<\/div>\n\t\t\t\t\t\t<\/div>\n\t\t\t\t\t<\/div>\n\t\t\t\t<\/div>\n\t\t<div class=\"elementor-element elementor-element-40da4372 e-flex e-con-boxed elementor-invisible e-con e-parent\" data-id=\"40da4372\" data-element_type=\"container\" data-settings=\"{&quot;animation&quot;:&quot;fadeInUp&quot;}\">\n\t\t\t\t\t<div class=\"e-con-inner\">\n\t\t\t\t<div class=\"elementor-element elementor-element-7a3c54e1 elementor-widget elementor-widget-text-editor\" data-id=\"7a3c54e1\" data-element_type=\"widget\" data-widget_type=\"text-editor.default\">\n\t\t\t\t\t\t\t\t\t<p data-path-to-node=\"6\"><span dir=\"auto\">\u00c7ocuklar\u0131m\u0131z\u0131n a\u011f\u0131z ve di\u015f sa\u011fl\u0131\u011f\u0131, onlar\u0131n sadece beslenmesini de\u011fil, konu\u015fmas\u0131n\u0131 ve sosyal geli\u015fimini do\u011frudan etkiler. Ancak di\u015f hekimi koltu\u011fu, minik kahramanlar\u0131m\u0131z i\u00e7in bazen de\u011fi\u015febilir. \u00d6zellikle \u00e7ok say\u0131da \u00e7\u00fcr\u00fc\u011f\u00fc bulunan, ya\u015f\u0131 \u00e7ok k\u00fc\u00e7\u00fck olan veya koltuk korkusu (di\u015f fobisi) ya\u015fayanlarda, tedavi s\u00fcre\u00e7lerinin yap\u0131lmas\u0131 hem \u00e7ocuk hem de aile i\u00e7in travmatik bir s\u00fcrece d\u00f6n\u00fc\u015febilir.<\/span><\/p><p data-path-to-node=\"7\"><span dir=\"auto\">\u0130\u015fte bu noktada, <\/span><b data-path-to-node=\"7\" data-index-in-node=\"17\"><span dir=\"auto\">1000&#8217;in \u00fczerinde ba\u015far\u0131l\u0131 operasyon tecr\u00fcbemizle<\/span><\/b><span dir=\"auto\"> , genel anestezi alt\u0131nda t\u00fcm di\u015f tedavilerini tek seansta, a\u011fr\u0131s\u0131z ve hat\u0131rlamayan bir uyku konforunda ger\u00e7ekle\u015ftiriyoruz.<\/span><\/p><p data-path-to-node=\"8\">\u00a0<\/p>\t\t\t\t\t\t\t\t<\/div>\n\t\t\t\t<div class=\"elementor-element elementor-element-72f8222 animated-slow elementor-arrows-position-inside elementor-invisible elementor-widget elementor-widget-image-carousel\" data-id=\"72f8222\" data-element_type=\"widget\" data-settings=\"{&quot;slides_to_show&quot;:&quot;1&quot;,&quot;navigation&quot;:&quot;arrows&quot;,&quot;_animation&quot;:&quot;zoomIn&quot;,&quot;autoplay&quot;:&quot;yes&quot;,&quot;pause_on_hover&quot;:&quot;yes&quot;,&quot;pause_on_interaction&quot;:&quot;yes&quot;,&quot;autoplay_speed&quot;:5000,&quot;infinite&quot;:&quot;yes&quot;,&quot;effect&quot;:&quot;slide&quot;,&quot;speed&quot;:500}\" data-widget_type=\"image-carousel.default\">\n\t\t\t\t\t\t\t<div class=\"elementor-image-carousel-wrapper swiper\" role=\"region\" aria-roledescription=\"carousel\" aria-label=\"Image Carousel\" dir=\"ltr\">\n\t\t\t<div class=\"elementor-image-carousel swiper-wrapper\" aria-live=\"off\">\n\t\t\t\t\t\t\t\t<div class=\"swiper-slide\" role=\"group\" aria-roledescription=\"slide\" aria-label=\"1 \/ 1\"><figure class=\"swiper-slide-inner\"><img decoding=\"async\" class=\"swiper-slide-image\" src=\"https:\/\/www.cocukdishekimiantalya.com\/wp-content\/uploads\/2026\/01\/Adsiz-tasarim-14-150x150.png\" alt=\"Ads\u0131z tasar\u0131m (14)\" \/><\/figure><\/div>\t\t\t<\/div>\n\t\t\t\t\t<\/div>\n\t\t\t\t\t\t<\/div>\n\t\t\t\t\t<\/div>\n\t\t\t\t<\/div>\n\t\t<div class=\"elementor-element elementor-element-87b3094 e-flex e-con-boxed elementor-invisible e-con e-parent\" data-id=\"87b3094\" data-element_type=\"container\" data-settings=\"{&quot;animation&quot;:&quot;fadeInUp&quot;}\">\n\t\t\t\t\t<div class=\"e-con-inner\">\n\t\t\t\t<div class=\"elementor-element elementor-element-5090d50 elementor-widget elementor-widget-text-editor\" data-id=\"5090d50\" data-element_type=\"widget\" data-widget_type=\"text-editor.default\">\n\t\t\t\t\t\t\t\t\t<p data-path-to-node=\"8\"><b data-path-to-node=\"8\" data-index-in-node=\"0\"><span dir=\"auto\" style=\"vertical-align: inherit;\">\u00d6n Di\u015flerde Estetik Dokunu\u015flar: Zirkonyum ve Kompozit Laminalar<\/span><\/b><span dir=\"auto\" style=\"vertical-align: inherit;\"> S\u00fct di\u015fleri veya gen\u00e7 daimi di\u015fler, sadece \u00e7i\u011fnemek i\u00e7in de\u011fil, g\u00fclerken kendini iyi hissetmesi i\u00e7in de vard\u0131r. \u00d6zellikle \u00f6n b\u00f6lge di\u015flerinde olu\u015fan \u00e7\u00fcr\u00fckler veya travmadan kaynaklanan k\u0131r\u0131klar, ki\u015finin psikolojisini de\u011fi\u015ftirebilir (&#8220;arkada\u015flar\u0131m di\u015fleriyle dalga ge\u00e7iyor&#8221; vb.).<\/span><\/p><p data-path-to-node=\"9\"><span dir=\"auto\" style=\"vertical-align: inherit;\">Bu estetik kayg\u0131lar\u0131 ve sa\u011fl\u0131k sorunlar\u0131n\u0131 modern anlamda \u00e7\u00f6z\u00fcyoruz:<\/span><\/p><p data-path-to-node=\"10\"><b data-path-to-node=\"10\" data-index-in-node=\"0\"><span dir=\"auto\" style=\"vertical-align: inherit;\">1. \u00c7ocuklar \u0130\u00e7in Zirkonyum Kaplamalar (Kuronlar):<\/span><\/b><span dir=\"auto\" style=\"vertical-align: inherit;\"> \u00d6n di\u015flerdeki harabiyetin fazla oldu\u011fu, doku dostu ve son derece dayan\u0131kl\u0131 olan zirkonyum kaplamalar\u0131 tercih ediyoruz.<\/span><\/p><ul data-path-to-node=\"11\"><li><p data-path-to-node=\"11,0,0\"><b data-path-to-node=\"11,0,0\" data-index-in-node=\"0\"><span dir=\"auto\" style=\"vertical-align: inherit;\">Neden Zirkonyum?<\/span><\/b><span dir=\"auto\" style=\"vertical-align: inherit;\"> Do\u011fal di\u015f rengindedir, metal i\u00e7ermez, di\u015f eti ile m\u00fckemmel uyum sa\u011flar ve k\u0131r\u0131lmaya kar\u015f\u0131 diren\u00e7lidir. Bunlar\u0131n &#8220;inci gibi&#8221; g\u00f6r\u00fcnen di\u015flere kavu\u015fmas\u0131n\u0131 sa\u011flar.<\/span><\/p><\/li><\/ul><p data-path-to-node=\"12\"><b data-path-to-node=\"12\" data-index-in-node=\"0\"><span dir=\"auto\" style=\"vertical-align: inherit;\">2. Kompozit Laminalar (Yap\u0131\u015ft\u0131rma):<\/span><\/b><span dir=\"auto\" style=\"vertical-align: inherit;\"> Daha minimal dokunu\u015flar, hafif k\u0131r\u0131klar veya renklenmelerde uygulanan uygulamam\u0131zd\u0131r. Di\u015ften \u00e7ok az veya hi\u00e7 a\u015f\u0131nd\u0131rma yap\u0131lmadan, \u00f6zel dolgu malzemeleriyle di\u015f \u015feklinin ve renginin yeniden d\u00fczenlenmesidir.<\/span><\/p><p data-path-to-node=\"13\"><b data-path-to-node=\"13\" data-index-in-node=\"0\"><span dir=\"auto\" style=\"vertical-align: inherit;\">Neden Genel Anestezi?<\/span><\/b><span dir=\"auto\" style=\"vertical-align: inherit;\"> Genel anestezi ile yap\u0131lan tedavilerde, herhangi bir a\u011fr\u0131 veya s\u0131z\u0131nt\u0131 hissi olu\u015fmaz, i\u015flem s\u0131ras\u0131nda hareket etmemesi i\u00e7in tedaviler maksimum kalite ve hassasiyette (\u00f6zellikle estetik olarak) tamamlan\u0131r. \u00c7ocuk uyand\u0131\u011f\u0131nda s\u00fcreci hat\u0131rlamaz ve di\u015f hekimi korkusunun b\u00fcy\u00fcmesinin \u00f6n\u00fcne ge\u00e7ilmi\u015f olur.<\/span><\/p><p data-path-to-node=\"14\"><b data-path-to-node=\"14\" data-index-in-node=\"0\"><span dir=\"auto\" style=\"vertical-align: inherit;\">Tecr\u00fcbeye G\u00fcvenin<\/span><\/b><span dir=\"auto\" style=\"vertical-align: inherit;\"> ba\u015far\u0131l\u0131 oldu\u011fu elinizdeki deneyim hayati \u00f6neme sahiptir. Bug\u00fcne kadar ger\u00e7ekle\u015ftirdi\u011fim <\/span><b data-path-to-node=\"14\" data-index-in-node=\"114\"><span dir=\"auto\" style=\"vertical-align: inherit;\">1000+ genel anestezi alt\u0131nda di\u015f tedavisi<\/span><\/b><span dir=\"auto\" style=\"vertical-align: inherit;\"> ile, s\u00fcrecin her a\u015famas\u0131n\u0131 bozuyor y\u00f6netiyor; Minik hastalar\u0131m\u0131z\u0131 sa\u011fl\u0131kla ve g\u00fcl\u00fcmseyerek evlerine u\u011furluyoruz.<\/span><\/p><p data-path-to-node=\"8\">\u00a0<\/p>\t\t\t\t\t\t\t\t<\/div>\n\t\t\t\t\t<\/div>\n\t\t\t\t<\/div>\n\t\t\t\t<\/div>\n\t\t","protected":false},"excerpt":{"rendered":"<p>\u00c7ocuklarda Genel Anestezi Alt\u0131nda Estetik Di\u015f Tedavileri: Konforlu Bir S\u00fcre\u00e7, \u00d6zg\u00fcvenli G\u00fcl\u00fc\u015fler \u00c7ocuklar\u0131m\u0131z\u0131n a\u011f\u0131z ve di\u015f sa\u011fl\u0131\u011f\u0131, onlar\u0131n sadece beslenmesini de\u011fil, konu\u015fmas\u0131n\u0131 ve sosyal geli\u015fimini do\u011frudan etkiler. Ancak di\u015f hekimi koltu\u011fu, minik kahramanlar\u0131m\u0131z i\u00e7in bazen de\u011fi\u015febilir. \u00d6zellikle \u00e7ok say\u0131da \u00e7\u00fcr\u00fc\u011f\u00fc bulunan, ya\u015f\u0131 \u00e7ok k\u00fc\u00e7\u00fck olan veya koltuk korkusu (di\u015f fobisi) ya\u015fayanlarda, tedavi s\u00fcre\u00e7lerinin yap\u0131lmas\u0131 hem [&hellip;]<\/p>\n","protected":false},"author":1,"featured_media":0,"parent":0,"menu_order":0,"comment_status":"closed","ping_status":"closed","template":"","meta":{"_mi_skip_tracking":false,"footnotes":""},"class_list":["post-13339","page","type-page","status-publish","hentry"],"blocksy_meta":[],"_links":{"self":[{"href":"https:\/\/www.cocukdishekimiantalya.com\/index.php\/wp-json\/wp\/v2\/pages\/13339","targetHints":{"allow":["GET"]}}],"collection":[{"href":"https:\/\/www.cocukdishekimiantalya.com\/index.php\/wp-json\/wp\/v2\/pages"}],"about":[{"href":"https:\/\/www.cocukdishekimiantalya.com\/index.php\/wp-json\/wp\/v2\/types\/page"}],"author":[{"embeddable":true,"href":"https:\/\/www.cocukdishekimiantalya.com\/index.php\/wp-json\/wp\/v2\/users\/1"}],"replies":[{"embeddable":true,"href":"https:\/\/www.cocukdishekimiantalya.com\/index.php\/wp-json\/wp\/v2\/comments?post=13339"}],"version-history":[{"count":9,"href":"https:\/\/www.cocukdishekimiantalya.com\/index.php\/wp-json\/wp\/v2\/pages\/13339\/revisions"}],"predecessor-version":[{"id":14749,"href":"https:\/\/www.cocukdishekimiantalya.com\/index.php\/wp-json\/wp\/v2\/pages\/13339\/revisions\/14749"}],"wp:attachment":[{"href":"https:\/\/www.cocukdishekimiantalya.com\/index.php\/wp-json\/wp\/v2\/media?parent=13339"}],"curies":[{"name":"wp","href":"https:\/\/api.w.org\/{rel}","templated":true}]}}