{"id":13297,"date":"2023-04-05T23:09:45","date_gmt":"2023-04-05T23:09:45","guid":{"rendered":"http:\/\/www.cocukdishekimiantalya.com\/?page_id=13297"},"modified":"2023-04-05T23:09:45","modified_gmt":"2023-04-05T23:09:45","slug":"iletisim","status":"publish","type":"page","link":"https:\/\/www.cocukdishekimiantalya.com\/index.php\/iletisim\/","title":{"rendered":"\u0130leti\u015fim"},"content":{"rendered":"<p>&nbsp;<\/p>\n<h2 style=\"text-align: center;\"><span style=\"color: #333399;\"><strong>TELEFON<\/strong><\/span><\/h2>\n<p>&nbsp;<\/p>\n<h3 style=\"text-align: center;\"><span style=\"color: #339966;\"><strong>Uzm.Dr Altar Ate\u015f<\/strong><\/span><\/h3>\n<h3 style=\"text-align: center;\"><strong><span style=\"color: #008000;\">05438931895<\/span><\/strong><\/h3>\n<p>&nbsp;<\/p>\n<div class=\"aio-icon-description ult-responsive\" style=\"text-align: center;\" data-ultimate-target=\"#Info-box-wrap-7378 .aio-icon-description\" data-responsive-json-new=\"{&quot;font-size&quot;:&quot;&quot;,&quot;line-height&quot;:&quot;&quot;}\">\n<p><strong><span style=\"color: #333399;\">ADRES<\/span> <\/strong><\/p>\n<div class=\"aio-ibd-block\">\n<div class=\"aio-icon-description ult-responsive\" data-ultimate-target=\"#Info-box-wrap-2954 .aio-icon-description\" data-responsive-json-new=\"{&quot;font-size&quot;:&quot;&quot;,&quot;line-height&quot;:&quot;&quot;}\">\n<div class=\"aio-ibd-block\">\n<div class=\"aio-icon-description ult-responsive\" data-ultimate-target=\"#Info-box-wrap-8312 .aio-icon-description\" data-responsive-json-new=\"{&quot;font-size&quot;:&quot;&quot;,&quot;line-height&quot;:&quot;&quot;}\">\n<div class=\"aio-ibd-block\">\n<div class=\"aio-icon-description ult-responsive\" data-ultimate-target=\"#Info-box-wrap-5347 .aio-icon-description\" data-responsive-json-new=\"{&quot;font-size&quot;:&quot;&quot;,&quot;line-height&quot;:&quot;&quot;}\">\n<p style=\"text-align: center;\">\u00d6\u011fretmenevleri mahallesi 17.Cadde Nazif Abay Apt. 1\/3 KONYALTI\/ANTALYA<\/p>\n<p style=\"text-align: center;\"><strong><span style=\"color: #333399;\">TAR\u0130F<\/span><\/strong><\/p>\n<p style=\"text-align: center;\">Konyalt\u0131 5 M migrostan Kemer y\u00f6n\u00fcne giderken ikinci \u0131\u015f\u0131\u011f\u0131 ge\u00e7ince sa\u011f k\u00f6\u015fe..Carrefour-kar\u015f\u0131s\u0131, B\u00f6\u011f\u00fcrtlen Cafe \u00fcst\u00fc<\/p>\n<p>&nbsp;<\/p>\n<p>&nbsp;<\/p>\n<\/div>\n<\/div>\n<\/div>\n<\/div>\n<\/div>\n<\/div>\n<\/div>\n<h1 style=\"text-align: center;\"><\/h1>\n<p>&nbsp;<\/p>\n","protected":false},"excerpt":{"rendered":"<p>&nbsp; TELEFON &nbsp; Uzm.Dr Altar Ate\u015f 05438931895 &nbsp; ADRES \u00d6\u011fretmenevleri mahallesi 17.Cadde Nazif Abay Apt. 1\/3 KONYALTI\/ANTALYA TAR\u0130F Konyalt\u0131 5 M migrostan Kemer y\u00f6n\u00fcne giderken ikinci \u0131\u015f\u0131\u011f\u0131 ge\u00e7ince sa\u011f k\u00f6\u015fe..Carrefour-kar\u015f\u0131s\u0131, B\u00f6\u011f\u00fcrtlen Cafe \u00fcst\u00fc &nbsp; &nbsp; &nbsp;<\/p>\n","protected":false},"author":1,"featured_media":0,"parent":0,"menu_order":0,"comment_status":"closed","ping_status":"closed","template":"","meta":{"_mi_skip_tracking":false,"footnotes":""},"class_list":["post-13297","page","type-page","status-publish","hentry"],"blocksy_meta":[],"_links":{"self":[{"href":"https:\/\/www.cocukdishekimiantalya.com\/index.php\/wp-json\/wp\/v2\/pages\/13297","targetHints":{"allow":["GET"]}}],"collection":[{"href":"https:\/\/www.cocukdishekimiantalya.com\/index.php\/wp-json\/wp\/v2\/pages"}],"about":[{"href":"https:\/\/www.cocukdishekimiantalya.com\/index.php\/wp-json\/wp\/v2\/types\/page"}],"author":[{"embeddable":true,"href":"https:\/\/www.cocukdishekimiantalya.com\/index.php\/wp-json\/wp\/v2\/users\/1"}],"replies":[{"embeddable":true,"href":"https:\/\/www.cocukdishekimiantalya.com\/index.php\/wp-json\/wp\/v2\/comments?post=13297"}],"version-history":[{"count":2,"href":"https:\/\/www.cocukdishekimiantalya.com\/index.php\/wp-json\/wp\/v2\/pages\/13297\/revisions"}],"predecessor-version":[{"id":13472,"href":"https:\/\/www.cocukdishekimiantalya.com\/index.php\/wp-json\/wp\/v2\/pages\/13297\/revisions\/13472"}],"wp:attachment":[{"href":"https:\/\/www.cocukdishekimiantalya.com\/index.php\/wp-json\/wp\/v2\/media?parent=13297"}],"curies":[{"name":"wp","href":"https:\/\/api.w.org\/{rel}","templated":true}]}}